{"id":49648,"date":"2026-08-27T19:59:43","date_gmt":"2026-08-27T17:59:43","guid":{"rendered":"https:\/\/bodymindandsoulmallorca.com\/?post_type=product&#038;p=49648"},"modified":"2026-08-29T19:08:58","modified_gmt":"2026-08-29T17:08:58","slug":"speakerin-full-event-pass-bms-6","status":"publish","type":"product","link":"https:\/\/bodymindandsoulmallorca.com\/en\/product\/speakerin-full-event-pass-bms-6\/","title":{"rendered":"Speaker:in Full Event Pass | BMS 6"},"content":{"rendered":"<p>Werde Speaker:in auf der Body, Mind &amp; Soul Mallorca &#8211; Edition 6 &#8211; die Frequency-Edition! \u00a0<\/p>\r\n<p><strong>Vom 16. bis 25. April 2027 \u00f6ffnet sich der Raum f\u00fcr Inspiration, Transformation und echte Sichtbarkeit.<\/strong><\/p>\r\n<!-- \/wp:post-content -->\r\n\r\n<!-- wp:paragraph -->\r\n<p>Das ist alles inklusive:<\/p>\r\n<ul>\r\n<li><strong>10 Tage \/ 9 N\u00e4chte<\/strong> <strong>inklusive Vollpension<\/strong><\/li>\r\n<li>Keynote-Pr\u00e4sentation (18 Minuten) auf der Hauptb\u00fchne \u2013 teile deine Botschaft vor allen Teilnehmern<\/li>\r\n<li>Pr\u00e4sentation auf der offiziellen Website \u2013 dein Profil, dein Thema, deine Vision<\/li>\r\n<li>Professionelles Marketing \u2013 Sichtbarkeit \u00fcber unsere Social-Media-Kan\u00e4le, Newsletter und Partnernetzwerke<\/li>\r\n<li>Affiliate-Programm \u2013 profitiere finanziell vom Ticketverkauf deiner Community<\/li>\r\n<li>Live-Interviews &amp; Medienpr\u00e4senz \u2013 steigere deine Reichweite und Glaubw\u00fcrdigkeit<\/li>\r\n<li>Teilnahme an allen Workshops, Konzerten &amp; Events \u2013 volle Integration in das Festivalerlebnis<\/li>\r\n<li>Community- und Netzwerkzugang \u2013 wertvolle Verbindungen mit anderen Speakern und Teilnehmern<\/li>\r\n<\/ul>","protected":false},"excerpt":{"rendered":"<p>Werde Speaker:in auf der Body, Mind &amp; Soul Mallorca &#8211; Edition 6 &#8211; die Frequency-Edition! \u00a0 Vom 16. bis 25. April 2027 \u00f6ffnet sich der Raum f\u00fcr Inspiration, Transformation und echte Sichtbarkeit. Das ist alles inklusive: 10 Tage \/ 9 N\u00e4chte inklusive Vollpension Keynote-Pr\u00e4sentation (18 Minuten) auf der Hauptb\u00fchne \u2013 teile deine Botschaft vor allen [&hellip;]<\/p>\n","protected":false},"featured_media":49649,"template":"","meta":{"_acf_changed":false},"product_brand":[],"product_cat":[172,249,250],"product_tag":[],"class_list":["post-49648","product","type-product","status-publish","has-post-thumbnail","product_cat-ticket","product_cat-bms-6","product_cat-speaker","first","instock","sale","taxable","shipping-taxable","purchasable","product-type-simple"],"acf":[],"_links":{"self":[{"href":"https:\/\/bodymindandsoulmallorca.com\/en\/wp-json\/wp\/v2\/product\/49648","targetHints":{"allow":["GET"]}}],"collection":[{"href":"https:\/\/bodymindandsoulmallorca.com\/en\/wp-json\/wp\/v2\/product"}],"about":[{"href":"https:\/\/bodymindandsoulmallorca.com\/en\/wp-json\/wp\/v2\/types\/product"}],"version-history":[{"count":5,"href":"https:\/\/bodymindandsoulmallorca.com\/en\/wp-json\/wp\/v2\/product\/49648\/revisions"}],"predecessor-version":[{"id":49657,"href":"https:\/\/bodymindandsoulmallorca.com\/en\/wp-json\/wp\/v2\/product\/49648\/revisions\/49657"}],"wp:featuredmedia":[{"embeddable":true,"href":"https:\/\/bodymindandsoulmallorca.com\/en\/wp-json\/wp\/v2\/media\/49649"}],"wp:attachment":[{"href":"https:\/\/bodymindandsoulmallorca.com\/en\/wp-json\/wp\/v2\/media?parent=49648"}],"wp:term":[{"taxonomy":"product_brand","embeddable":true,"href":"https:\/\/bodymindandsoulmallorca.com\/en\/wp-json\/wp\/v2\/product_brand?post=49648"},{"taxonomy":"product_cat","embeddable":true,"href":"https:\/\/bodymindandsoulmallorca.com\/en\/wp-json\/wp\/v2\/product_cat?post=49648"},{"taxonomy":"product_tag","embeddable":true,"href":"https:\/\/bodymindandsoulmallorca.com\/en\/wp-json\/wp\/v2\/product_tag?post=49648"}],"curies":[{"name":"wp","href":"https:\/\/api.w.org\/{rel}","templated":true}]}}

<p>Werde Speaker:in auf der Body, Mind &amp; Soul Mallorca &#8211; Edition 6 &#8211; die Frequency-Edition!  </p>
<p><strong>Vom 16. bis 25. April 2027 öffnet sich der Raum für Inspiration, Transformation und echte Sichtbarkeit.</strong></p>
<!-- /wp:post-content -->

<!-- wp:paragraph -->
<p>Das ist alles inklusive:</p>
<ul>
<li><strong>10 Tage / 9 Nächte</strong> <strong>inklusive Vollpension</strong></li>
<li>Keynote-Präsentation (18 Minuten) auf der Hauptbühne – teile deine Botschaft vor allen Teilnehmern</li>
<li>Präsentation auf der offiziellen Website – dein Profil, dein Thema, deine Vision</li>
<li>Professionelles Marketing – Sichtbarkeit über unsere Social-Media-Kanäle, Newsletter und Partnernetzwerke</li>
<li>Affiliate-Programm – profitiere finanziell vom Ticketverkauf deiner Community</li>
<li>Live-Interviews &amp; Medienpräsenz – steigere deine Reichweite und Glaubwürdigkeit</li>
<li>Teilnahme an allen Workshops, Konzerten &amp; Events – volle Integration in das Festivalerlebnis</li>
<li>Community- und Netzwerkzugang – wertvolle Verbindungen mit anderen Speakern und Teilnehmern</li>
</ul>

<p>Werde Speaker:in auf der Body, Mind &amp; Soul Mallorca &#8211; Edition 6 &#8211; die Frequency-Edition!   Vom 16. bis 25. April 2027 öffnet sich der Raum für Inspiration, Transformation und echte Sichtbarkeit. Das ist alles inklusive: 10 Tage / 9 Nächte inklusive Vollpension Keynote-Präsentation (18 Minuten) auf der Hauptbühne – teile deine Botschaft vor allen [&hellip;]</p>
